, -38 = -4*i - v*r. List the prime factors of i.
2, 3
Let a = -12 + 10. List the prime factors of 2 + (18 - (-5 - a)).
23
Suppose 2*p - 78 = -p. Suppose -3*y + 5*y - p = -3*w, -w = -y + 18. What are the prime factors of y?
2
Let u be (6/(-5))/(9/(-30)). Suppose 6*m - 4*m = z + 19, -u*m + 32 = -4*z. List the prime factors of m.
11
Suppose 0 = -q, -4*c + 12 = -2*c + 3*q. Suppose -4*s - 5*o + 271 = 0, -49 = -s - o + c*o. Suppose 3*h = f + s, -3 = 3*f - 0. List the prime factors of h.
3, 7
List the prime factors of (-21 - 6/(-2))/(-1).
2, 3
Suppose v = 4*o - 30, -3*o = -v + 2*v - 19. What are the prime factors of o?
7
Let m(q) = 2*q**2 - q - 2. Let v be m(2). Suppose -v*z = 5*w - 17 - 9, 0 = -5*z - 5. Let y(x) = 2*x - 5. List the prime factors of y(w).
7
Let v(z) = z**2 + 4*z - 2. Let d be v(-4). Let g = d + 4. Suppose -19 = -n + 4*f - 2*f, 2*n - g*f = 28. List the prime factors of n.
3
Let c = 40 - -35. Suppose c = -3*u + 8*u - 5*r, 0 = r + 2. What are the prime factors of u?
13
Suppose -3*w = 5*o - 37, 6*w - 33 = 3*w - 3*o. Suppose -2*q + 5*p + w = -30, 3*q - 5*p = 71. Let y = -22 + q. What are the prime factors of y?
2, 5
Suppose 5 = -7*m + 2*m. Let c be 28 + -1*(m + 2). What are the prime factors of c/2*4/6?
3
Let q be 11/(-2) - 9/(-18). Let j = 10 - q. List the prime factors of j.
3, 5
Suppose r + 4*r = 660. List the prime factors of r.
2, 3, 11
Let j(v) = v**3 + 6*v**2 - 8*v - 2. Suppose 2*w + 4 = 5*i, -w + 3*i + 13 = -2*w. Let d be j(w). Let m(o) = 2*o - 4. List the prime factors of m(d).
2, 3
Let y(c) = c - 5. Let x be y(4). Let t(m) = -20*m**3. List the prime factors of t(x).
2, 5
Let i = 19 + -8. What are the prime factors of i?
11
Let y(q) = q**3 + 9*q**2 + 6*q + 13. List the prime factors of y(-8).
29
Let r = 13 + -23. Let o = r - -14. What are the prime factors of o?
2
What are the prime factors of 1372/18 + (-22)/99?
2, 19
Suppose 5*j = 31 - 6. Let b = j + -10. Let k(i) = i**3 + 5*i**2 - 2*i - 6. List the prime factors of k(b).
2
Let c(l) = l - 8*l**2 + 5 + 5 + 0*l**3 + 0*l**3 - l**3. Let q be ((-4)/(-10))/((-2)/40). List the prime factors of c(q).
2
Suppose -4*a = 5*v - 42 - 977, -2*v - 3*a = -402. What are the prime factors of v?
3, 23
Suppose -5 = n - 0. Let j(o) = 3*o**2 + 10*o + 4. Let p(w) = w**2 + 5*w + 2. Let d(u) = n*p(u) + 2*j(u). List the prime factors of d(8).
2, 11
Suppose -31 = 3*l - 154. List the prime factors of l.
41
Suppose a - 1 = 5. List the prime factors of (-114)/(-4) + (-3)/a.
2, 7
Let f(w) = 2*w - 1. Let i be f(3). Let g(x) = x - 10. Let t be g(11). Suppose 2*c - i = t. List the prime factors of c.
3
Suppose 0 = 5*m - 3*m - 12. Suppose 3*f = -4*d + 24, 8 = -f + m*d - 2*d. What are the prime factors of f?
2
Let i = 1 - 6. Let r = 10 + i. What are the prime factors of (r/(-10))/(1/(-24))?
2, 3
Let d(j) = -j**3 - 5*j**2 + 3*j - 7. Let z be d(-6). Suppose -y + 2*y = z. What are the prime factors of y?
11
Suppose -6*q + 5*q + 75 = 0. What are the prime factors of q?
3, 5
Suppose -4*d = k - 50, -5 = -5*d - 4*k + 63. What are the prime factors of d?
2, 3
Suppose 5*x - 27 - 33 = 0. Let g = x - -12. List the prime factors of g.
2, 3
Let q be (-62)/(-6) - (-3)/(-9). Suppose -3*y - k = q - 5, -y - 5*k - 25 = 0. Suppose -4*n + 3 + 21 = y. What are the prime factors of n?
2, 3
Let a(o) = 2*o + 6. What are the prime factors of a(5)?
2
Let a(f) = 6*f**2 - 7*f + 24. List the prime factors of a(8).
2, 11
Let s = 155 + -41. List the prime factors of s.
2, 3, 19
Suppose -j + 5*l - 5 = -67, 3*l - 294 = -4*j. Let o = -37 + j. List the prime factors of o.
5, 7
Let g be 32 - (3/3 - -1). Suppose 3*q + 12 = u + g, u - 38 = -5*q. List the prime factors of q.
7
Suppose 0*q = -3*q + 30. List the prime factors of (4/(-5))/(q/(-75)).
2, 3
Suppose y - 568 = -209. List the prime factors of y.
359
Suppose 0 = 3*j + g - 1, -5*j - 1 = 5*g + 4. What are the prime factors of -1 + (j - -1 - -13)?
2, 7
Suppose 1925 = 32*v - 25*v. What are the prime factors of v?
5, 11
Suppose -4*d = -3*f + 699, 0*d + 3*d = 4*f - 932. List the prime factors of f.
233
Let n(v) = -5*v**3 - v**2 + 4*v + 4. What are the prime factors of n(-2)?
2
Let l(b) = -b**2 + b + 4. Let c(w) = -w + 1. Let s be c(3). Let x = 2 + s. What are the prime factors of l(x)?
2
Suppose a - 2*p = p - 33, 0 = -4*a + 5*p - 132. Let y = -3 - a. What are the prime factors of y?
2, 3, 5
Let r be ((-9)/(-12))/(2/32). List the prime factors of (1 - 3)/((-2)/r).
2, 3
Suppose p = 3*p - 12. Suppose 0*g - g = 2*s - p, 3*s = -2*g + 11. Suppose 3*i - x = 13, -2*x - 16 = -g*i - 0. List the prime factors of i.
5
Suppose 7*z - 2*z + 160 = 0. Let l = z + 65. List the prime factors of l.
3, 11
Let y(c) = -c**2 - 13*c - 20. List the prime factors of y(-9).
2
Let z be 2*((-14)/(-4) - 4). Let t = 33 - z. List the prime factors of t.
2, 17
Let f = -47 + 79. Let w = 51 + -36. Suppose -h + f = 4*h - 4*v, 0 = 5*v + w. List the prime factors of h.
2
Suppose -2*p + 6*p - 28 = 0. List the prime factors of p.
7
Suppose 5*p + 45 = -0*w + w, -5*p - 115 = -2*w. What are the prime factors of w?
2, 5, 7
Suppose -o - 15 = -q, 5*q - 81 = -2*o + 4*o. Let w = q - 7. Suppose w = 2*k - 10. What are the prime factors of k?
2, 5
Suppose -2*i - 116 = -3*z, -z - i = -16 - 16. What are the prime factors of z?
2, 3
Let t(z) = 2*z + 3. Let m be t(-4). Let c(f) = -2*f + 3. List the prime factors of c(m).
13
Let g(k) = k + 4. Let c be g(-2). Let o be ((-3)/(-6))/(c/52). Suppose -4*l + 4 = 3*p - 21, 2*l = -p + o. List the prime factors of l.
7
Suppose 0 = -4*s - 0*s + 5*i + 546, -2*s + 5*i + 268 = 0. What are the prime factors of s?
139
Let j = 28 + 4. What are the prime factors of j?
2
Let s be -4*(-3)/6 + -17. Let m = 17 + s. List the prime factors of m.
2
Suppose 15 = l + 2*l. Suppose -129 = -l*z - 19. List the prime factors of z.
2, 11
Let x = -93 - -166. List the prime factors of x.
73
Suppose 325 + 427 = 2*b. List the prime factors of b.
2, 47
What are the prime factors of -115*1/(-1) + (-33)/(-11)?
2, 59
Let f = 6 + 36. Let a be f/10 - 1/5. What are the prime factors of 21/6 + 6/a?
5
Let a(f) = f**2 - 3*f + 7. List the prime factors of a(13).
137
Suppose -3*b = 2*b - 320. Let l = b - 91. Let s = -4 - l. List the prime factors of s.
23
Let r(c) = 32*c. Let z be r(-1). Let y be (z/6)/(8/84). What are the prime factors of (9/6)/((-6)/y)?
2, 7
Let o(j) = 4*j. Let g = -16 - -18. What are the prime factors of o(g)?
2
Let v(b) = 10*b**3 - 2*b + 1. Let l(k) = k**3 + 4*k**2 - 4*k + 4. Let y be l(-4). Suppose -3*o - 5*w + y = 2*o, 2*o - 3*w = -7. List the prime factors of v(o).
3
Let l(r) be the third derivative of r**5/60 + r**4/6 + r**3/3 - 3*r**2. What are the prime factors of l(-6)?
2, 7
Let m = 56 + -34. What are the prime factors of m?
2, 11
Suppose 3*f + 0*f = 5*m + 67, -m - 16 = 2*f. Let k = 19 - m. What are the prime factors of k?
3, 11
Let r be (15/(-2))/((-3)/18). Suppose 9*j - r = -4*z + 4*j, -z = -4*j - 27. List the prime factors of z.
3, 5
Suppose 4*a = i - 0*i + 553, -5 = 5*i. What are the prime factors of a?
2, 3, 23
Let n(c) = 7*c**2 - c - 1. Let l be n(2). Suppose l = 6*s - s. What are the prime factors of s?
5
Let x(m) = m + 3. What are the prime factors of x(7)?
2, 5
What are the prime factors of (-4 - -5) + -3 + 30?
2, 7
Let z = 19 + -59. Let o = z + 61. What are the prime factors of o?
3, 7
Suppose 0 = -3*d + 4*h - 8, 5*h - 2 = 5*d + 8. Suppose d = -p + 2*p - 13. List the prime factors of p.
13
Let r = 29 - -3. List the prime factors of r.
2
Let c(p) be the first derivative of p**4/4 - p**3 - 3*p**2/2 - 6*p - 1. List the prime factors of c(5).
29
Suppose 2*j + j - 9 = 0. Suppose -5*c + 25 = j*h, -h - 5 = -c - 0*c. List the prime factors of 11 - (-1 + (h - -2)).
2, 5
Let q = 88 - 43. List the prime factors of q.
3, 5
Suppose 0 = -p - 4*p + 15, 4*p = -4*h + 120. List the prime factors of h.
3
Suppose 2*a = -21 + 141. Suppose 0 = -2*p - 2*z - 32, -3*p = 2*z - 14 + a. Let w = -3 - p. List the prime factors of w.
11
Let i(g) = g + 12. Let t be (-9 + 3)*2 - -3. What are the prime factors of i(t)?
3
Let z = -130 + 164. What are the prime factors of z?
2, 17
Let t = -12 + 43. List the prime factors of t.
31
Let b = 0 + 0. Suppose 0 = -5*h + 5*l + 35, 3*h + b*l = -4*l + 49. What are the prime factors of h?
11
Suppose -3*t + 40